{"id":11,"date":"2022-07-22T14:42:46","date_gmt":"2022-07-22T12:42:46","guid":{"rendered":"http:\/\/antilda.com\/?page_id=11"},"modified":"2022-08-22T22:23:35","modified_gmt":"2022-08-22T20:23:35","slug":"moje-konto","status":"publish","type":"page","link":"https:\/\/antilda.com\/eng\/my-account-2\/","title":{"rendered":"My account"},"content":{"rendered":"<div class=\"woocommerce\"><div class=\"woocommerce-notices-wrapper\"><\/div>\r\n<div class=\"u-columns col2-set\" id=\"customer_login\">\r\n\r\n\t<div class=\"u-column1 col-1\">\r\n\r\n\t\t<h2>Login<\/h2>\r\n\r\n\t\t<form class=\"woocommerce-form woocommerce-form-login login\" method=\"post\" action=\"\">\r\n\r\n\t\t\t\r\n\t\t\t<p class=\"woocommerce-form-row woocommerce-form-row--wide form-row form-row-wide\">\r\n\t\t\t\t<input type=\"text\" class=\"woocommerce-Input woocommerce-Input--text input-text\" name=\"username\" placeholder=\"Email Address *\" id=\"username\" autocomplete=\"username\" value=\"\" required aria-required=\"true\" \/>\t\t\t<\/p>\r\n\t\t\t<p class=\"woocommerce-form-row woocommerce-form-row--wide form-row form-row-wide\">\r\n\t\t\t\t<input class=\"woocommerce-Input woocommerce-Input--text input-text\" type=\"password\" name=\"password\" placeholder=\"Password *\" id=\"password\" autocomplete=\"current-password\" required aria-required=\"true\" \/>\r\n\t\t\t<\/p>\r\n\r\n\t\t\t<p><label for=\"wpcaptcha_captcha\">Jeste\u015b cz\u0142owiekiem? Prosz\u0119, rozwi\u0105\u017c: <img decoding=\"async\" class=\"wpcaptcha-captcha-img\" style=\"vertical-align: text-top;\" src=\"data:image\/png;base64,R0lGODdhNgAPALMAAP\/\/\/0JCQgAAAP\/\/\/2iFZ8ihkXaig7mnr66jigAAAAAAAAAAAAAAAAAAAAAAAAAAACwAAAAANgAPAAAEonCUQau9OM+7ZcbGJ4oHEl7nkI7H6FZF2lrzULuIIGT6iBAXRLAirOiOF0LvctyBbhZgRTqgLgdXQeFKWXI9og54jLkauGjn75Vqf74HZ1eOFRigpMoMX6dTchZcBGJlTQKAA0VFPH5KgXI5fi9SlCNcW0x2cZIvG56WdGdJW18vFSEnK1lyR5s2RaWmFC17mUgYQjGysgiKuxQEVL8uwcCmEQA7\" alt=\"Captcha\" \/><input class=\"input\" type=\"text\" size=\"3\" name=\"wpcaptcha_captcha[7718]\" id=\"wpcaptcha_captcha\" value=\"\"\/><input type=\"hidden\" name=\"wpcaptcha_captcha_token[7718]\" id=\"wpcaptcha_captcha_token\" value=\"2867022f1a1af5c88bcdb4dae56e0c28\" \/><\/label><\/p><br \/>\r\n\t\t\t<p class=\"form-row form-row-remember\">\r\n\t\t\t\t<label class=\"woocommerce-form__label woocommerce-form__label-for-checkbox woocommerce-form-login__rememberme\">\r\n\t\t\t\t\t<input class=\"woocommerce-form__input woocommerce-form__input-checkbox\" name=\"rememberme\" type=\"checkbox\" id=\"rememberme\" value=\"forever\" \/> <span>Remember me<\/span>\r\n\t\t\t\t<\/label>\r\n\t\t\t\t<label class=\"woocommerce-LostPassword lost_password\">\r\n\t\t\t\t\t<a href=\"https:\/\/antilda.com\/eng\/my-account-2\/lost-password\/\">Lost your password?<\/a>\r\n\t\t\t\t<\/label>\r\n\t\t\t<\/p>\r\n\t\t\t<p class=\"form-row\">\r\n\t\t\t\t<input type=\"hidden\" id=\"woocommerce-login-nonce\" name=\"woocommerce-login-nonce\" value=\"711c28f642\" \/><input type=\"hidden\" name=\"_wp_http_referer\" value=\"\/eng\/wp-json\/wp\/v2\/pages\/11\" \/>\t\t\t\t<button type=\"submit\" class=\"woocommerce-button button woocommerce-form-login__submit\" name=\"login\" value=\"Log in\">Log in<\/button>\r\n\t\t\t<\/p>\r\n\r\n\t\t\t\r\n\t\t<input type=\"hidden\" name=\"trp-form-language\" value=\"eng\"\/><\/form>\r\n\r\n\t<\/div>\r\n\t\t<div class=\"u-column2 col-2\">\r\n\r\n\t\t<h2>Register<\/h2>\r\n\r\n\t\t<form method=\"post\" class=\"woocommerce-form woocommerce-form-register register\" action=\"\"  >\r\n\r\n\t\t\t\r\n\t\t\t\r\n\t\t\t\t<p class=\"woocommerce-form-row woocommerce-form-row--wide form-row form-row-wide\">\r\n\t\t\t\t\t<input type=\"text\" class=\"woocommerce-Input woocommerce-Input--text input-text\" name=\"username\" id=\"reg_username\" autocomplete=\"username\" placeholder=\"Username *\" value=\"\" required aria-required=\"true\" \/>\t\t\t\t<\/p>\r\n\r\n\t\t\t\r\n\t\t\t<p class=\"woocommerce-form-row woocommerce-form-row--wide form-row form-row-wide\">\r\n\t\t\t\t<input type=\"email\" class=\"woocommerce-Input woocommerce-Input--text input-text\" name=\"email\" id=\"reg_email\" autocomplete=\"email\" placeholder=\"Email Address *\" value=\"\" required aria-required=\"true\" \/>\t\t\t<\/p>\r\n\r\n\t\t\t\r\n\t\t\t\t<p class=\"woocommerce-form-row woocommerce-form-row--wide form-row form-row-wide\">\r\n\t\t\t\t\t<input type=\"password\" class=\"woocommerce-Input woocommerce-Input--text input-text\" name=\"password\" id=\"reg_password\" autocomplete=\"new-password\" placeholder=\"Password *\" required aria-required=\"true\"\/>\r\n\t\t\t\t<\/p>\r\n\r\n\t\t\t\r\n\t\t\t<p><label for=\"wpcaptcha_captcha\">Jeste\u015b cz\u0142owiekiem? Prosz\u0119, rozwi\u0105\u017c: <img decoding=\"async\" class=\"wpcaptcha-captcha-img\" style=\"vertical-align: text-top;\" src=\"data:image\/png;base64,R0lGODdhLQAPALMAAP\/\/\/0JCQgAAAP\/\/\/5dws4CtgqTHwH5nnX1kjgAAAAAAAAAAAAAAAAAAAAAAAAAAACwAAAAALQAPAAAEmRCRQQeq2NKZu8\/GQRXG9nFD8a2VpGYH8nZzyXrhJwgDMWM2iuhGce2OPMpxIMphhsUbCYrZKZeXIipbISQzEpa1YkWNSubUN+VcjcnJnzBMLsXSuvWVEqzYSDsEBwZvYnp7TB1UMTtcN4VVSY5RPjY+eB6QkSZABJM7BnIdmldIMz4pKwZ0mYcfBiFcfYpsRCyCtCtcMbYDEQA7\" alt=\"Captcha\" \/><input class=\"input\" type=\"text\" size=\"3\" name=\"wpcaptcha_captcha[2401]\" id=\"wpcaptcha_captcha\" value=\"\"\/><input type=\"hidden\" name=\"wpcaptcha_captcha_token[2401]\" id=\"wpcaptcha_captcha_token\" value=\"47c2c614b5499bb0b6aad0501196f30c\" \/><\/label><\/p><br \/><wc-order-attribution-inputs><\/wc-order-attribution-inputs><div class=\"woocommerce-privacy-policy-text\"><p>Your personal data will be used to support your visit to our site, to manage access to your account and for other purposes mentioned in our <a href=\"https:\/\/antilda.com\/eng\/privacy-policy\/\" class=\"woocommerce-privacy-policy-link\" target=\"_blank\" data-no-translation=\"\" data-trp-gettext=\"\">privacy policy<\/a>.<\/p>\n<\/div>\r\n\t\t\t<p class=\"woocommerce-form-row form-row\">\r\n\t\t\t\t<input type=\"hidden\" id=\"woocommerce-register-nonce\" name=\"woocommerce-register-nonce\" value=\"30a622fe2e\" \/><input type=\"hidden\" name=\"_wp_http_referer\" value=\"\/eng\/wp-json\/wp\/v2\/pages\/11\" \/>\t\t\t\t<button type=\"submit\" class=\"woocommerce-Button woocommerce-button button woocommerce-form-register__submit\" name=\"register\" value=\"Register\">Register<\/button>\r\n\t\t\t<\/p>\r\n\r\n\t\t\t\r\n\t\t<input type=\"hidden\" name=\"trp-form-language\" value=\"eng\"\/><\/form>\r\n\r\n\t<\/div>\r\n\r\n<\/div>\r\n\r\n<\/div>","protected":false},"excerpt":{"rendered":"","protected":false},"author":1,"featured_media":0,"parent":0,"menu_order":0,"comment_status":"closed","ping_status":"closed","template":"","meta":{"_acf_changed":false,"footnotes":""},"class_list":["post-11","page","type-page","status-publish","hentry"],"acf":[],"yoast_head":"<!-- This site is optimized with the Yoast SEO plugin v26.3 - https:\/\/yoast.com\/wordpress\/plugins\/seo\/ -->\n<title>Moje konto - antilda.com<\/title>\n<meta name=\"robots\" content=\"index, follow, max-snippet:-1, max-image-preview:large, max-video-preview:-1\" \/>\n<link rel=\"canonical\" href=\"https:\/\/antilda.com\/eng\/my-account-2\/?wmc-currency=EUR\" \/>\n<meta property=\"og:locale\" content=\"en_GB\" \/>\n<meta property=\"og:type\" content=\"article\" \/>\n<meta property=\"og:title\" content=\"Moje konto - antilda.com\" \/>\n<meta property=\"og:url\" content=\"https:\/\/antilda.com\/eng\/my-account-2\/?wmc-currency=EUR\" \/>\n<meta property=\"og:site_name\" content=\"antilda.com\" \/>\n<meta property=\"article:publisher\" content=\"https:\/\/www.facebook.com\/ikeaantilopantilda\" \/>\n<meta property=\"article:modified_time\" content=\"2022-08-22T20:23:35+00:00\" \/>\n<meta name=\"twitter:card\" content=\"summary_large_image\" \/>\n<meta name=\"twitter:label1\" content=\"Estimated reading time\" \/>\n\t<meta name=\"twitter:data1\" content=\"1 minute\" \/>\n<script type=\"application\/ld+json\" class=\"yoast-schema-graph\">{\"@context\":\"https:\/\/schema.org\",\"@graph\":[{\"@type\":\"WebPage\",\"@id\":\"https:\/\/antilda.com\/moje-konto\/\",\"url\":\"https:\/\/antilda.com\/moje-konto\/\",\"name\":\"Moje konto - antilda.com\",\"isPartOf\":{\"@id\":\"https:\/\/antilda.com\/#website\"},\"datePublished\":\"2022-07-22T12:42:46+00:00\",\"dateModified\":\"2022-08-22T20:23:35+00:00\",\"breadcrumb\":{\"@id\":\"https:\/\/antilda.com\/moje-konto\/#breadcrumb\"},\"inLanguage\":\"en-GB\",\"potentialAction\":[{\"@type\":\"ReadAction\",\"target\":[\"https:\/\/antilda.com\/moje-konto\/\"]}]},{\"@type\":\"BreadcrumbList\",\"@id\":\"https:\/\/antilda.com\/moje-konto\/#breadcrumb\",\"itemListElement\":[{\"@type\":\"ListItem\",\"position\":1,\"name\":\"Strona g\u0142\u00f3wna\",\"item\":\"https:\/\/antilda.com\/\"},{\"@type\":\"ListItem\",\"position\":2,\"name\":\"Moje konto\"}]},{\"@type\":\"WebSite\",\"@id\":\"https:\/\/antilda.com\/#website\",\"url\":\"https:\/\/antilda.com\/\",\"name\":\"antilda.com\",\"description\":\"Akcesesoria do krzese\u0142ka Ikea Antilop\",\"publisher\":{\"@id\":\"https:\/\/antilda.com\/#organization\"},\"potentialAction\":[{\"@type\":\"SearchAction\",\"target\":{\"@type\":\"EntryPoint\",\"urlTemplate\":\"https:\/\/antilda.com\/?s={search_term_string}\"},\"query-input\":{\"@type\":\"PropertyValueSpecification\",\"valueRequired\":true,\"valueName\":\"search_term_string\"}}],\"inLanguage\":\"en-GB\"},{\"@type\":\"Organization\",\"@id\":\"https:\/\/antilda.com\/#organization\",\"name\":\"antilda.com\",\"url\":\"https:\/\/antilda.com\/\",\"logo\":{\"@type\":\"ImageObject\",\"inLanguage\":\"en-GB\",\"@id\":\"https:\/\/antilda.com\/#\/schema\/logo\/image\/\",\"url\":\"https:\/\/antilda.com\/wp-content\/uploads\/2022\/09\/logo-3.png\",\"contentUrl\":\"https:\/\/antilda.com\/wp-content\/uploads\/2022\/09\/logo-3.png\",\"width\":1611,\"height\":497,\"caption\":\"antilda.com\"},\"image\":{\"@id\":\"https:\/\/antilda.com\/#\/schema\/logo\/image\/\"},\"sameAs\":[\"https:\/\/www.facebook.com\/ikeaantilopantilda\",\"https:\/\/www.instagram.com\/antilda_accessories\/\"]}]}<\/script>\n<!-- \/ Yoast SEO plugin. -->","yoast_head_json":{"title":"My account - antilda.com","robots":{"index":"index","follow":"follow","max-snippet":"max-snippet:-1","max-image-preview":"max-image-preview:large","max-video-preview":"max-video-preview:-1"},"canonical":"https:\/\/antilda.com\/eng\/my-account-2\/?wmc-currency=EUR","og_locale":"en_GB","og_type":"article","og_title":"Moje konto - antilda.com","og_url":"https:\/\/antilda.com\/eng\/my-account-2\/?wmc-currency=EUR","og_site_name":"antilda.com","article_publisher":"https:\/\/www.facebook.com\/ikeaantilopantilda","article_modified_time":"2022-08-22T20:23:35+00:00","twitter_card":"summary_large_image","twitter_misc":{"Estimated reading time":"1 minute"},"schema":{"@context":"https:\/\/schema.org","@graph":[{"@type":"WebPage","@id":"https:\/\/antilda.com\/moje-konto\/","url":"https:\/\/antilda.com\/moje-konto\/","name":"My account - antilda.com","isPartOf":{"@id":"https:\/\/antilda.com\/#website"},"datePublished":"2022-07-22T12:42:46+00:00","dateModified":"2022-08-22T20:23:35+00:00","breadcrumb":{"@id":"https:\/\/antilda.com\/moje-konto\/#breadcrumb"},"inLanguage":"en-GB","potentialAction":[{"@type":"ReadAction","target":["https:\/\/antilda.com\/moje-konto\/"]}]},{"@type":"BreadcrumbList","@id":"https:\/\/antilda.com\/moje-konto\/#breadcrumb","itemListElement":[{"@type":"ListItem","position":1,"name":"Strona g\u0142\u00f3wna","item":"https:\/\/antilda.com\/"},{"@type":"ListItem","position":2,"name":"Moje konto"}]},{"@type":"WebSite","@id":"https:\/\/antilda.com\/#website","url":"https:\/\/antilda.com\/","name":"antilda.com","description":"Accessories for Ikea Antilop highchair","publisher":{"@id":"https:\/\/antilda.com\/#organization"},"potentialAction":[{"@type":"SearchAction","target":{"@type":"EntryPoint","urlTemplate":"https:\/\/antilda.com\/?s={search_term_string}"},"query-input":{"@type":"PropertyValueSpecification","valueRequired":true,"valueName":"search_term_string"}}],"inLanguage":"en-GB"},{"@type":"Organization","@id":"https:\/\/antilda.com\/#organization","name":"antilda.com","url":"https:\/\/antilda.com\/","logo":{"@type":"ImageObject","inLanguage":"en-GB","@id":"https:\/\/antilda.com\/#\/schema\/logo\/image\/","url":"https:\/\/antilda.com\/wp-content\/uploads\/2022\/09\/logo-3.png","contentUrl":"https:\/\/antilda.com\/wp-content\/uploads\/2022\/09\/logo-3.png","width":1611,"height":497,"caption":"antilda.com"},"image":{"@id":"https:\/\/antilda.com\/#\/schema\/logo\/image\/"},"sameAs":["https:\/\/www.facebook.com\/ikeaantilopantilda","https:\/\/www.instagram.com\/antilda_accessories\/"]}]}},"_links":{"self":[{"href":"https:\/\/antilda.com\/eng\/wp-json\/wp\/v2\/pages\/11","targetHints":{"allow":["GET"]}}],"collection":[{"href":"https:\/\/antilda.com\/eng\/wp-json\/wp\/v2\/pages"}],"about":[{"href":"https:\/\/antilda.com\/eng\/wp-json\/wp\/v2\/types\/page"}],"author":[{"embeddable":true,"href":"https:\/\/antilda.com\/eng\/wp-json\/wp\/v2\/users\/1"}],"replies":[{"embeddable":true,"href":"https:\/\/antilda.com\/eng\/wp-json\/wp\/v2\/comments?post=11"}],"version-history":[{"count":0,"href":"https:\/\/antilda.com\/eng\/wp-json\/wp\/v2\/pages\/11\/revisions"}],"wp:attachment":[{"href":"https:\/\/antilda.com\/eng\/wp-json\/wp\/v2\/media?parent=11"}],"curies":[{"name":"wp","href":"https:\/\/api.w.org\/{rel}","templated":true}]}}