{"id":17808,"date":"2023-02-04T18:43:57","date_gmt":"2023-02-04T17:43:57","guid":{"rendered":"https:\/\/antilda.com\/?page_id=17808"},"modified":"2023-07-03T11:56:20","modified_gmt":"2023-07-03T09:56:20","slug":"pouczenie-o-odstapieniu-od-umowy","status":"publish","type":"page","link":"https:\/\/antilda.com\/eng\/pouczenie-o-odstapieniu-od-umowy\/","title":{"rendered":"WITHDRAWAL NOTICE"},"content":{"rendered":"<div data-elementor-type=\"wp-page\" data-elementor-id=\"17808\" class=\"elementor elementor-17808\">\n\t\t\t\t\t\t<section class=\"elementor-section elementor-top-section elementor-element elementor-element-7f7f498f elementor-section-boxed elementor-section-height-default elementor-section-height-default\" data-id=\"7f7f498f\" data-element_type=\"section\">\n\t\t\t\t\t\t<div class=\"elementor-container elementor-column-gap-default\">\n\t\t\t\t\t<div class=\"elementor-column elementor-col-100 elementor-top-column elementor-element elementor-element-81c0243\" data-id=\"81c0243\" data-element_type=\"column\">\n\t\t\t<div class=\"elementor-widget-wrap elementor-element-populated\">\n\t\t\t\t\t\t<div class=\"elementor-element elementor-element-64447387 elementor-widget elementor-widget-text-editor\" data-id=\"64447387\" data-element_type=\"widget\" data-widget_type=\"text-editor.default\">\n\t\t\t\t<div class=\"elementor-widget-container\">\n\t\t\t<style>\/*! elementor - v3.23.0 - 15-07-2024 *\/\n.elementor-widget-text-editor.elementor-drop-cap-view-stacked .elementor-drop-cap{background-color:#69727d;color:#fff}.elementor-widget-text-editor.elementor-drop-cap-view-framed .elementor-drop-cap{color:#69727d;border:3px solid;background-color:transparent}.elementor-widget-text-editor:not(.elementor-drop-cap-view-default) .elementor-drop-cap{margin-top:8px}.elementor-widget-text-editor:not(.elementor-drop-cap-view-default) .elementor-drop-cap-letter{width:1em;height:1em}.elementor-widget-text-editor .elementor-drop-cap{float:left;text-align:center;line-height:1;font-size:50px}.elementor-widget-text-editor .elementor-drop-cap-letter{display:inline-block}<\/style>\t\t\t\t<p style=\"font-weight: 400;\"><span style=\"font-size: 10pt;\">You have the right to withdraw from this contract within 14 days without giving any reason. The withdrawal period expires after 14 days from the day of the conclusion of the contract (in the case of contracts for the provision of services)\/from the day on which you have taken possession of the goods or on which a third party other than the carrier and indicated by you - has taken possession of the goods, and in the case of goods delivered in instalments - from the day on which you have taken possession of the last of the goods. In the case of contracts for the regular delivery of goods for a fixed period of time, from the date on which you or a third party - designated by you (other than the carrier) - takes possession of the first of the goods.<\/span><\/p>\n<p style=\"font-weight: 400;\"><span style=\"font-size: 10pt;\">To exercise your right of withdrawal, you must inform us of your decision to withdraw from this contract by an unequivocal statement (for example, a letter sent by post or e-mail).<\/span><\/p>\n<p style=\"font-weight: 400;\"><span style=\"font-size: 10pt;\">Our contact details:<br>Socks Box Mateusz Jagodzi\u0144ski, NIP, ul. Drawska 10\/47, 02-202 Warsaw, <br>email: <a href=\"mailto:kontakt@antilda.com\">kontakt@antilda.com<\/a> \/ kontakt@antilda.pl or by phone: +48 575674000 <\/span><br><span style=\"font-size: 10pt;\">You may use the model withdrawal form&nbsp;<\/span><span style=\"font-size: 10pt;\"><a href=\"https:\/\/antilda.com\/wp-content\/uploads\/2022\/11\/formularz-zwrotu-antilda.pdf\">(DOWNLOAD)&nbsp;<\/a><br>&nbsp;The use of the form is not obligatory. In order to comply with the withdrawal period, it is sufficient for you to send information concerning the exercise of your right of withdrawal before the withdrawal period has expired.<\/span><\/p>\n<p style=\"font-weight: 400;\"><strong><span style=\"font-size: 10pt;\">CONSEQUENCES OF WITHDRAWAL<\/span><\/strong><\/p>\n<p style=\"font-weight: 400;\"><span style=\"font-size: 10pt;\">In the event of withdrawal from this contract, we shall reimburse to you all payments received from you, including the costs of delivery of the goods (except for the additional costs resulting from your choice of a method of delivery other than the least expensive usual means of delivery offered by us), immediately and in any event not later than 14 days from the day on which we are informed of your decision to exercise your right of withdrawal from this contract. The cost of returning the parcel to the Seller shall be borne by the Buyer.  We will refund the payment using the same means of payment as you used in the original transaction, unless you have expressly agreed otherwise<\/span><\/p>\n<p style=\"font-weight: 400;\"><span style=\"font-size: 10pt;\">We may withhold reimbursement until you have received the item or until you provide us with proof of return, whichever event occurs first.&nbsp;&nbsp;&nbsp; <\/span><br><span style=\"font-size: 10pt;\">Please send back or hand over the Product to us without delay and in any case not later than 14 days from the day on which you informed us of your withdrawal from the contract to the following address: <br><\/span><span style=\"font-size: 10pt;\">ANTILDA Mateusz Jagodzi\u0144ski, <br>10\/47 Drawska Street, <br>02-202 Warsaw<\/span><br><span style=\"font-size: 10pt;\">The deadline is met if you send the item back to us before 14 days have elapsed.&nbsp;<br><\/span><span style=\"font-size: 10pt;\">You shall only be liable for any diminution in the value of the Product resulting from your use of the Product other than what was necessary to establish the nature, characteristics and functioning of the Product.&nbsp;<\/span><span style=\"color: var(--rz-text-color); font-family: var(--rz-font-family-primary); font-size: 10pt;\">If you have requested the commencement of the performance before the expiry of the withdrawal period, you shall pay us an amount proportionate to the extent of the performance provided until the moment you have informed us of your withdrawal from this contract.<\/span><\/p>\t\t\t\t\t\t<\/div>\n\t\t\t\t<\/div>\n\t\t\t\t\t<\/div>\n\t\t<\/div>\n\t\t\t\t\t<\/div>\n\t\t<\/section>\n\t\t\t\t<\/div>","protected":false},"excerpt":{"rendered":"<p>You have the right to withdraw from this contract within 14 days without giving any reason. The withdrawal period shall expire after 14 days from the day of the conclusion of the contract (in the case of service contracts)\/from the day on which you take possession of the goods or on which a third party other than the carrier and indicated [...].<\/p>","protected":false},"author":2,"featured_media":0,"parent":0,"menu_order":0,"comment_status":"closed","ping_status":"closed","template":"","meta":{"_acf_changed":false,"footnotes":""},"class_list":["post-17808","page","type-page","status-publish","hentry"],"acf":[],"yoast_head":"<!-- This site is optimized with the Yoast SEO plugin v26.3 - https:\/\/yoast.com\/wordpress\/plugins\/seo\/ -->\n<title>POUCZENIE O ODST\u0104PIENIU OD UMOWY - antilda.com<\/title>\n<meta name=\"robots\" content=\"index, follow, max-snippet:-1, max-image-preview:large, max-video-preview:-1\" \/>\n<link rel=\"canonical\" href=\"https:\/\/antilda.com\/eng\/pouczenie-o-odstapieniu-od-umowy\/?wmc-currency=EUR\" \/>\n<meta property=\"og:locale\" content=\"en_GB\" \/>\n<meta property=\"og:type\" content=\"article\" \/>\n<meta property=\"og:title\" content=\"POUCZENIE O ODST\u0104PIENIU OD UMOWY - antilda.com\" \/>\n<meta property=\"og:description\" content=\"Maj\u0105 Pa\u0144stwo prawo odst\u0105pi\u0107 od niniejszej umowy w terminie 14 dni bez podania jakiejkolwiek przyczyny. Termin do odst\u0105pienia od umowy wygasa po up\u0142ywie 14 dni od dnia zawarcia umowy (w przypadku um\u00f3w o \u015bwiadczenie us\u0142ug)\/ od dnia, w kt\u00f3rym weszli w Pa\u0144stwo w posiadanie rzeczy lub w kt\u00f3rym osoba trzecia inna ni\u017c przewo\u017anik i wskazana [&hellip;]\" \/>\n<meta property=\"og:url\" content=\"https:\/\/antilda.com\/eng\/pouczenie-o-odstapieniu-od-umowy\/?wmc-currency=EUR\" \/>\n<meta property=\"og:site_name\" content=\"antilda.com\" \/>\n<meta property=\"article:publisher\" content=\"https:\/\/www.facebook.com\/ikeaantilopantilda\" \/>\n<meta property=\"article:modified_time\" content=\"2023-07-03T09:56:20+00:00\" \/>\n<meta name=\"twitter:card\" content=\"summary_large_image\" \/>\n<meta name=\"twitter:label1\" content=\"Estimated reading time\" \/>\n\t<meta name=\"twitter:data1\" content=\"3 minutes\" \/>\n<script type=\"application\/ld+json\" class=\"yoast-schema-graph\">{\"@context\":\"https:\/\/schema.org\",\"@graph\":[{\"@type\":\"WebPage\",\"@id\":\"https:\/\/antilda.com\/pouczenie-o-odstapieniu-od-umowy\/\",\"url\":\"https:\/\/antilda.com\/pouczenie-o-odstapieniu-od-umowy\/\",\"name\":\"POUCZENIE O ODST\u0104PIENIU OD UMOWY - antilda.com\",\"isPartOf\":{\"@id\":\"https:\/\/antilda.com\/#website\"},\"datePublished\":\"2023-02-04T17:43:57+00:00\",\"dateModified\":\"2023-07-03T09:56:20+00:00\",\"breadcrumb\":{\"@id\":\"https:\/\/antilda.com\/pouczenie-o-odstapieniu-od-umowy\/#breadcrumb\"},\"inLanguage\":\"en-GB\",\"potentialAction\":[{\"@type\":\"ReadAction\",\"target\":[\"https:\/\/antilda.com\/pouczenie-o-odstapieniu-od-umowy\/\"]}]},{\"@type\":\"BreadcrumbList\",\"@id\":\"https:\/\/antilda.com\/pouczenie-o-odstapieniu-od-umowy\/#breadcrumb\",\"itemListElement\":[{\"@type\":\"ListItem\",\"position\":1,\"name\":\"Strona g\u0142\u00f3wna\",\"item\":\"https:\/\/antilda.com\/\"},{\"@type\":\"ListItem\",\"position\":2,\"name\":\"POUCZENIE O ODST\u0104PIENIU OD UMOWY\"}]},{\"@type\":\"WebSite\",\"@id\":\"https:\/\/antilda.com\/#website\",\"url\":\"https:\/\/antilda.com\/\",\"name\":\"antilda.com\",\"description\":\"Akcesesoria do krzese\u0142ka Ikea Antilop\",\"publisher\":{\"@id\":\"https:\/\/antilda.com\/#organization\"},\"potentialAction\":[{\"@type\":\"SearchAction\",\"target\":{\"@type\":\"EntryPoint\",\"urlTemplate\":\"https:\/\/antilda.com\/?s={search_term_string}\"},\"query-input\":{\"@type\":\"PropertyValueSpecification\",\"valueRequired\":true,\"valueName\":\"search_term_string\"}}],\"inLanguage\":\"en-GB\"},{\"@type\":\"Organization\",\"@id\":\"https:\/\/antilda.com\/#organization\",\"name\":\"antilda.com\",\"url\":\"https:\/\/antilda.com\/\",\"logo\":{\"@type\":\"ImageObject\",\"inLanguage\":\"en-GB\",\"@id\":\"https:\/\/antilda.com\/#\/schema\/logo\/image\/\",\"url\":\"https:\/\/antilda.com\/wp-content\/uploads\/2022\/09\/logo-3.png\",\"contentUrl\":\"https:\/\/antilda.com\/wp-content\/uploads\/2022\/09\/logo-3.png\",\"width\":1611,\"height\":497,\"caption\":\"antilda.com\"},\"image\":{\"@id\":\"https:\/\/antilda.com\/#\/schema\/logo\/image\/\"},\"sameAs\":[\"https:\/\/www.facebook.com\/ikeaantilopantilda\",\"https:\/\/www.instagram.com\/antilda_accessories\/\"]}]}<\/script>\n<!-- \/ Yoast SEO plugin. -->","yoast_head_json":{"title":"NOTICE OF WITHDRAWAL - antilda.com","robots":{"index":"index","follow":"follow","max-snippet":"max-snippet:-1","max-image-preview":"max-image-preview:large","max-video-preview":"max-video-preview:-1"},"canonical":"https:\/\/antilda.com\/eng\/pouczenie-o-odstapieniu-od-umowy\/?wmc-currency=EUR","og_locale":"en_GB","og_type":"article","og_title":"POUCZENIE O ODST\u0104PIENIU OD UMOWY - antilda.com","og_description":"Maj\u0105 Pa\u0144stwo prawo odst\u0105pi\u0107 od niniejszej umowy w terminie 14 dni bez podania jakiejkolwiek przyczyny. Termin do odst\u0105pienia od umowy wygasa po up\u0142ywie 14 dni od dnia zawarcia umowy (w przypadku um\u00f3w o \u015bwiadczenie us\u0142ug)\/ od dnia, w kt\u00f3rym weszli w Pa\u0144stwo w posiadanie rzeczy lub w kt\u00f3rym osoba trzecia inna ni\u017c przewo\u017anik i wskazana [&hellip;]","og_url":"https:\/\/antilda.com\/eng\/pouczenie-o-odstapieniu-od-umowy\/?wmc-currency=EUR","og_site_name":"antilda.com","article_publisher":"https:\/\/www.facebook.com\/ikeaantilopantilda","article_modified_time":"2023-07-03T09:56:20+00:00","twitter_card":"summary_large_image","twitter_misc":{"Estimated reading time":"3 minutes"},"schema":{"@context":"https:\/\/schema.org","@graph":[{"@type":"WebPage","@id":"https:\/\/antilda.com\/pouczenie-o-odstapieniu-od-umowy\/","url":"https:\/\/antilda.com\/pouczenie-o-odstapieniu-od-umowy\/","name":"NOTICE OF WITHDRAWAL - antilda.com","isPartOf":{"@id":"https:\/\/antilda.com\/#website"},"datePublished":"2023-02-04T17:43:57+00:00","dateModified":"2023-07-03T09:56:20+00:00","breadcrumb":{"@id":"https:\/\/antilda.com\/pouczenie-o-odstapieniu-od-umowy\/#breadcrumb"},"inLanguage":"en-GB","potentialAction":[{"@type":"ReadAction","target":["https:\/\/antilda.com\/pouczenie-o-odstapieniu-od-umowy\/"]}]},{"@type":"BreadcrumbList","@id":"https:\/\/antilda.com\/pouczenie-o-odstapieniu-od-umowy\/#breadcrumb","itemListElement":[{"@type":"ListItem","position":1,"name":"Strona g\u0142\u00f3wna","item":"https:\/\/antilda.com\/"},{"@type":"ListItem","position":2,"name":"POUCZENIE O ODST\u0104PIENIU OD UMOWY"}]},{"@type":"WebSite","@id":"https:\/\/antilda.com\/#website","url":"https:\/\/antilda.com\/","name":"antilda.com","description":"Accessories for Ikea Antilop highchair","publisher":{"@id":"https:\/\/antilda.com\/#organization"},"potentialAction":[{"@type":"SearchAction","target":{"@type":"EntryPoint","urlTemplate":"https:\/\/antilda.com\/?s={search_term_string}"},"query-input":{"@type":"PropertyValueSpecification","valueRequired":true,"valueName":"search_term_string"}}],"inLanguage":"en-GB"},{"@type":"Organization","@id":"https:\/\/antilda.com\/#organization","name":"antilda.com","url":"https:\/\/antilda.com\/","logo":{"@type":"ImageObject","inLanguage":"en-GB","@id":"https:\/\/antilda.com\/#\/schema\/logo\/image\/","url":"https:\/\/antilda.com\/wp-content\/uploads\/2022\/09\/logo-3.png","contentUrl":"https:\/\/antilda.com\/wp-content\/uploads\/2022\/09\/logo-3.png","width":1611,"height":497,"caption":"antilda.com"},"image":{"@id":"https:\/\/antilda.com\/#\/schema\/logo\/image\/"},"sameAs":["https:\/\/www.facebook.com\/ikeaantilopantilda","https:\/\/www.instagram.com\/antilda_accessories\/"]}]}},"_links":{"self":[{"href":"https:\/\/antilda.com\/eng\/wp-json\/wp\/v2\/pages\/17808","targetHints":{"allow":["GET"]}}],"collection":[{"href":"https:\/\/antilda.com\/eng\/wp-json\/wp\/v2\/pages"}],"about":[{"href":"https:\/\/antilda.com\/eng\/wp-json\/wp\/v2\/types\/page"}],"author":[{"embeddable":true,"href":"https:\/\/antilda.com\/eng\/wp-json\/wp\/v2\/users\/2"}],"replies":[{"embeddable":true,"href":"https:\/\/antilda.com\/eng\/wp-json\/wp\/v2\/comments?post=17808"}],"version-history":[{"count":0,"href":"https:\/\/antilda.com\/eng\/wp-json\/wp\/v2\/pages\/17808\/revisions"}],"wp:attachment":[{"href":"https:\/\/antilda.com\/eng\/wp-json\/wp\/v2\/media?parent=17808"}],"curies":[{"name":"wp","href":"https:\/\/api.w.org\/{rel}","templated":true}]}}