{"id":14006,"date":"2022-05-31T10:39:46","date_gmt":"2022-05-31T08:39:46","guid":{"rendered":"http:\/\/antilda.com\/produkt\/sliniak-z-rekawami-morski\/"},"modified":"2026-03-23T20:56:54","modified_gmt":"2026-03-23T19:56:54","slug":"sliniak-z-rekawami-morski","status":"publish","type":"product","link":"https:\/\/antilda.com\/eng\/sliniak-z-rekawami-morski\/","title":{"rendered":"Bib with sleeves - Marine"},"content":{"rendered":"<p style=\"text-align: left\"><span style=\"font-size: 10pt\"><strong>PRODUCT INFORMATION:<\/strong> Waterproof bib.<br \/>\nKeeps baby's clothes dry and clean during dietary expansion. Universal size.<br \/>\nThe bib has the option of fastening with snaps in three variations.<br \/>\n<strong><br \/>\nMATERIAL<\/strong>: 100% polyester with TPU membrane<br \/>\n<\/span><\/p>\n<p style=\"text-align: left\"><span style=\"font-size: 10pt\">Do not spin dry, do not tumble dry. Do not dry clean.<br \/>\nWe suggest that greasy stains should be pre-washed with a soap solution before washing the bib in the washing machine.<br \/>\nThe product is not a toy for children. Manufactured in Poland<\/span><\/p>\n<p>additional information \u2193<\/p>","protected":false},"excerpt":{"rendered":"<h6 style=\"text-align: left\"><strong><span style=\"font-size: 14pt;color: #c1af9d\">Waterproof bib with sleeves<\/span><\/strong><\/h6>\n<p>Keeps baby's clothes dry and clean<br \/>\nFastening option with press studs in three variations<br \/>\nUseful when expanding the diet<\/p>\n<p>&nbsp;<\/p>","protected":false},"featured_media":12306,"comment_status":"closed","ping_status":"closed","template":"","meta":{"_acf_changed":false},"product_brand":[],"product_cat":[115],"product_tag":[],"class_list":{"0":"post-14006","1":"product","2":"type-product","3":"status-publish","4":"has-post-thumbnail","6":"product_cat-sliniaki","8":"first","9":"outofstock","10":"taxable","11":"shipping-taxable","12":"purchasable","13":"product-type-simple"},"acf":[],"yoast_head":"<!-- This site is optimized with the Yoast SEO plugin v26.3 - https:\/\/yoast.com\/wordpress\/plugins\/seo\/ -->\n<title>\u015aliniak z r\u0119kawami - Morski - Sklep www.antilda.pl<\/title>\n<meta name=\"description\" content=\"Wodoodporny \u015bliniak z r\u0119kawami zapinany na napy | Jednolity materia\u0142 z nieprzemakaln\u0105 membran\u0105 | Pozwala zachowa\u0107 ubranka dziecka suche i czyste podczas rozszerzania diety BLW |\" \/>\n<meta name=\"robots\" content=\"index, follow, max-snippet:-1, max-image-preview:large, max-video-preview:-1\" \/>\n<link rel=\"canonical\" href=\"https:\/\/antilda.com\/eng\/sliniak-z-rekawami-morski\/?wmc-currency=EUR\" \/>\n<meta property=\"og:locale\" content=\"en_GB\" \/>\n<meta property=\"og:type\" content=\"article\" \/>\n<meta property=\"og:title\" content=\"\u015aliniak z r\u0119kawami - Morski - Sklep www.antilda.pl\" \/>\n<meta property=\"og:description\" content=\"Wodoodporny \u015bliniak z r\u0119kawami zapinany na napy | Jednolity materia\u0142 z nieprzemakaln\u0105 membran\u0105 | Pozwala zachowa\u0107 ubranka dziecka suche i czyste podczas rozszerzania diety BLW |\" \/>\n<meta property=\"og:url\" content=\"https:\/\/antilda.com\/eng\/sliniak-z-rekawami-morski\/?wmc-currency=EUR\" \/>\n<meta property=\"og:site_name\" content=\"antilda.com\" \/>\n<meta property=\"article:publisher\" content=\"https:\/\/www.facebook.com\/ikeaantilopantilda\" \/>\n<meta property=\"article:modified_time\" content=\"2026-03-23T19:56:54+00:00\" \/>\n<meta property=\"og:image\" content=\"https:\/\/antilda.com\/wp-content\/uploads\/2022\/06\/sliniak-z-rekawami-morski.png\" \/>\n\t<meta property=\"og:image:width\" content=\"1575\" \/>\n\t<meta property=\"og:image:height\" content=\"2100\" \/>\n\t<meta property=\"og:image:type\" content=\"image\/png\" \/>\n<meta name=\"twitter:card\" content=\"summary_large_image\" \/>\n<meta name=\"twitter:label1\" content=\"Estimated reading time\" \/>\n\t<meta name=\"twitter:data1\" content=\"2 minutes\" \/>\n<script type=\"application\/ld+json\" class=\"yoast-schema-graph\">{\"@context\":\"https:\/\/schema.org\",\"@graph\":[{\"@type\":\"WebPage\",\"@id\":\"https:\/\/antilda.com\/sliniak-z-rekawami-morski\/\",\"url\":\"https:\/\/antilda.com\/sliniak-z-rekawami-morski\/\",\"name\":\"\u015aliniak z r\u0119kawami - Morski - Sklep www.antilda.pl\",\"isPartOf\":{\"@id\":\"https:\/\/antilda.com\/#website\"},\"primaryImageOfPage\":{\"@id\":\"https:\/\/antilda.com\/sliniak-z-rekawami-morski\/#primaryimage\"},\"image\":{\"@id\":\"https:\/\/antilda.com\/sliniak-z-rekawami-morski\/#primaryimage\"},\"thumbnailUrl\":\"https:\/\/antilda.com\/wp-content\/uploads\/2022\/06\/sliniak-z-rekawami-morski.png\",\"datePublished\":\"2022-05-31T08:39:46+00:00\",\"dateModified\":\"2026-03-23T19:56:54+00:00\",\"description\":\"Wodoodporny \u015bliniak z r\u0119kawami zapinany na napy | Jednolity materia\u0142 z nieprzemakaln\u0105 membran\u0105 | Pozwala zachowa\u0107 ubranka dziecka suche i czyste podczas rozszerzania diety BLW |\",\"breadcrumb\":{\"@id\":\"https:\/\/antilda.com\/sliniak-z-rekawami-morski\/#breadcrumb\"},\"inLanguage\":\"en-GB\",\"potentialAction\":[{\"@type\":\"ReadAction\",\"target\":[\"https:\/\/antilda.com\/sliniak-z-rekawami-morski\/\"]}]},{\"@type\":\"ImageObject\",\"inLanguage\":\"en-GB\",\"@id\":\"https:\/\/antilda.com\/sliniak-z-rekawami-morski\/#primaryimage\",\"url\":\"https:\/\/antilda.com\/wp-content\/uploads\/2022\/06\/sliniak-z-rekawami-morski.png\",\"contentUrl\":\"https:\/\/antilda.com\/wp-content\/uploads\/2022\/06\/sliniak-z-rekawami-morski.png\",\"width\":1575,\"height\":2100},{\"@type\":\"BreadcrumbList\",\"@id\":\"https:\/\/antilda.com\/sliniak-z-rekawami-morski\/#breadcrumb\",\"itemListElement\":[{\"@type\":\"ListItem\",\"position\":1,\"name\":\"Strona g\u0142\u00f3wna\",\"item\":\"https:\/\/antilda.com\/\"},{\"@type\":\"ListItem\",\"position\":2,\"name\":\"Sklep\",\"item\":\"https:\/\/antilda.com\/sklep\/\"},{\"@type\":\"ListItem\",\"position\":3,\"name\":\"\u015aliniak z r\u0119kawami &#8211; Morski\"}]},{\"@type\":\"WebSite\",\"@id\":\"https:\/\/antilda.com\/#website\",\"url\":\"https:\/\/antilda.com\/\",\"name\":\"antilda.com\",\"description\":\"Akcesesoria do krzese\u0142ka Ikea Antilop\",\"publisher\":{\"@id\":\"https:\/\/antilda.com\/#organization\"},\"potentialAction\":[{\"@type\":\"SearchAction\",\"target\":{\"@type\":\"EntryPoint\",\"urlTemplate\":\"https:\/\/antilda.com\/?s={search_term_string}\"},\"query-input\":{\"@type\":\"PropertyValueSpecification\",\"valueRequired\":true,\"valueName\":\"search_term_string\"}}],\"inLanguage\":\"en-GB\"},{\"@type\":\"Organization\",\"@id\":\"https:\/\/antilda.com\/#organization\",\"name\":\"antilda.com\",\"url\":\"https:\/\/antilda.com\/\",\"logo\":{\"@type\":\"ImageObject\",\"inLanguage\":\"en-GB\",\"@id\":\"https:\/\/antilda.com\/#\/schema\/logo\/image\/\",\"url\":\"https:\/\/antilda.com\/wp-content\/uploads\/2022\/09\/logo-3.png\",\"contentUrl\":\"https:\/\/antilda.com\/wp-content\/uploads\/2022\/09\/logo-3.png\",\"width\":1611,\"height\":497,\"caption\":\"antilda.com\"},\"image\":{\"@id\":\"https:\/\/antilda.com\/#\/schema\/logo\/image\/\"},\"sameAs\":[\"https:\/\/www.facebook.com\/ikeaantilopantilda\",\"https:\/\/www.instagram.com\/antilda_accessories\/\"]}]}<\/script>\n<!-- \/ Yoast SEO plugin. -->","yoast_head_json":{"title":"Bib with sleeves - Marine - Shop www.antilda.pl","description":"Waterproof bib with sleeves | Single material with waterproof membrane | Keeps baby's clothes dry and clean when expanding the BLW diet | For a better understanding of BLW.","robots":{"index":"index","follow":"follow","max-snippet":"max-snippet:-1","max-image-preview":"max-image-preview:large","max-video-preview":"max-video-preview:-1"},"canonical":"https:\/\/antilda.com\/eng\/sliniak-z-rekawami-morski\/?wmc-currency=EUR","og_locale":"en_GB","og_type":"article","og_title":"\u015aliniak z r\u0119kawami - Morski - Sklep www.antilda.pl","og_description":"Wodoodporny \u015bliniak z r\u0119kawami zapinany na napy | Jednolity materia\u0142 z nieprzemakaln\u0105 membran\u0105 | Pozwala zachowa\u0107 ubranka dziecka suche i czyste podczas rozszerzania diety BLW |","og_url":"https:\/\/antilda.com\/eng\/sliniak-z-rekawami-morski\/?wmc-currency=EUR","og_site_name":"antilda.com","article_publisher":"https:\/\/www.facebook.com\/ikeaantilopantilda","article_modified_time":"2026-03-23T19:56:54+00:00","og_image":[{"width":1575,"height":2100,"url":"https:\/\/antilda.com\/wp-content\/uploads\/2022\/06\/sliniak-z-rekawami-morski.png","type":"image\/png"}],"twitter_card":"summary_large_image","twitter_misc":{"Estimated reading time":"2 minutes"},"schema":{"@context":"https:\/\/schema.org","@graph":[{"@type":"WebPage","@id":"https:\/\/antilda.com\/sliniak-z-rekawami-morski\/","url":"https:\/\/antilda.com\/sliniak-z-rekawami-morski\/","name":"Bib with sleeves - Marine - Shop www.antilda.pl","isPartOf":{"@id":"https:\/\/antilda.com\/#website"},"primaryImageOfPage":{"@id":"https:\/\/antilda.com\/sliniak-z-rekawami-morski\/#primaryimage"},"image":{"@id":"https:\/\/antilda.com\/sliniak-z-rekawami-morski\/#primaryimage"},"thumbnailUrl":"https:\/\/antilda.com\/wp-content\/uploads\/2022\/06\/sliniak-z-rekawami-morski.png","datePublished":"2022-05-31T08:39:46+00:00","dateModified":"2026-03-23T19:56:54+00:00","description":"Waterproof bib with sleeves | Single material with waterproof membrane | Keeps baby's clothes dry and clean when expanding the BLW diet | For a better understanding of BLW.","breadcrumb":{"@id":"https:\/\/antilda.com\/sliniak-z-rekawami-morski\/#breadcrumb"},"inLanguage":"en-GB","potentialAction":[{"@type":"ReadAction","target":["https:\/\/antilda.com\/sliniak-z-rekawami-morski\/"]}]},{"@type":"ImageObject","inLanguage":"en-GB","@id":"https:\/\/antilda.com\/sliniak-z-rekawami-morski\/#primaryimage","url":"https:\/\/antilda.com\/wp-content\/uploads\/2022\/06\/sliniak-z-rekawami-morski.png","contentUrl":"https:\/\/antilda.com\/wp-content\/uploads\/2022\/06\/sliniak-z-rekawami-morski.png","width":1575,"height":2100},{"@type":"BreadcrumbList","@id":"https:\/\/antilda.com\/sliniak-z-rekawami-morski\/#breadcrumb","itemListElement":[{"@type":"ListItem","position":1,"name":"Strona g\u0142\u00f3wna","item":"https:\/\/antilda.com\/"},{"@type":"ListItem","position":2,"name":"Sklep","item":"https:\/\/antilda.com\/sklep\/"},{"@type":"ListItem","position":3,"name":"\u015aliniak z r\u0119kawami &#8211; Morski"}]},{"@type":"WebSite","@id":"https:\/\/antilda.com\/#website","url":"https:\/\/antilda.com\/","name":"antilda.com","description":"Accessories for Ikea Antilop highchair","publisher":{"@id":"https:\/\/antilda.com\/#organization"},"potentialAction":[{"@type":"SearchAction","target":{"@type":"EntryPoint","urlTemplate":"https:\/\/antilda.com\/?s={search_term_string}"},"query-input":{"@type":"PropertyValueSpecification","valueRequired":true,"valueName":"search_term_string"}}],"inLanguage":"en-GB"},{"@type":"Organization","@id":"https:\/\/antilda.com\/#organization","name":"antilda.com","url":"https:\/\/antilda.com\/","logo":{"@type":"ImageObject","inLanguage":"en-GB","@id":"https:\/\/antilda.com\/#\/schema\/logo\/image\/","url":"https:\/\/antilda.com\/wp-content\/uploads\/2022\/09\/logo-3.png","contentUrl":"https:\/\/antilda.com\/wp-content\/uploads\/2022\/09\/logo-3.png","width":1611,"height":497,"caption":"antilda.com"},"image":{"@id":"https:\/\/antilda.com\/#\/schema\/logo\/image\/"},"sameAs":["https:\/\/www.facebook.com\/ikeaantilopantilda","https:\/\/www.instagram.com\/antilda_accessories\/"]}]}},"_links":{"self":[{"href":"https:\/\/antilda.com\/eng\/wp-json\/wp\/v2\/product\/14006","targetHints":{"allow":["GET"]}}],"collection":[{"href":"https:\/\/antilda.com\/eng\/wp-json\/wp\/v2\/product"}],"about":[{"href":"https:\/\/antilda.com\/eng\/wp-json\/wp\/v2\/types\/product"}],"replies":[{"embeddable":true,"href":"https:\/\/antilda.com\/eng\/wp-json\/wp\/v2\/comments?post=14006"}],"wp:featuredmedia":[{"embeddable":true,"href":"https:\/\/antilda.com\/eng\/wp-json\/wp\/v2\/media\/12306"}],"wp:attachment":[{"href":"https:\/\/antilda.com\/eng\/wp-json\/wp\/v2\/media?parent=14006"}],"wp:term":[{"taxonomy":"product_brand","embeddable":true,"href":"https:\/\/antilda.com\/eng\/wp-json\/wp\/v2\/product_brand?post=14006"},{"taxonomy":"product_cat","embeddable":true,"href":"https:\/\/antilda.com\/eng\/wp-json\/wp\/v2\/product_cat?post=14006"},{"taxonomy":"product_tag","embeddable":true,"href":"https:\/\/antilda.com\/eng\/wp-json\/wp\/v2\/product_tag?post=14006"}],"curies":[{"name":"wp","href":"https:\/\/api.w.org\/{rel}","templated":true}]}}