{"id":15843,"date":"2022-10-30T21:13:56","date_gmt":"2022-10-30T20:13:56","guid":{"rendered":"https:\/\/antilda.com\/?post_type=product&#038;p=15843"},"modified":"2026-03-23T20:56:53","modified_gmt":"2026-03-23T19:56:53","slug":"drewniany-podnozek-ikea-antilop-modrzew","status":"publish","type":"product","link":"https:\/\/antilda.com\/eng\/drewniany-podnozek-ikea-antilop-modrzew\/","title":{"rendered":"IKEA Antilop wooden footstool - Larch"},"content":{"rendered":"<p><strong>FEATURES:<\/strong>\u00a0Made of larch wood<br \/>\nSupports correct posture during a child's meal.<\/p>\n<ul>\n<li><strong>The footrest kit includes 4 pieces of rubber fixing rings.<\/strong><\/li>\n<li>Adjusting the height at which the <a href=\"https:\/\/antilda.com\/eng\/kategoria\/podnozek\/?wmc-currency=EUR\">footrest<\/a> This is done with two larger silicone rings. An additional pair can be attached to the seat side to prevent movement of the\u00a0<a href=\"https:\/\/antilda.com\/eng\/kategoria\/podnozek\/?wmc-currency=EUR\">footrest<\/a>\u00a0up. We recommend that you move them as close as possible to the <a href=\"https:\/\/antilda.com\/eng\/kategoria\/podnozek\/?wmc-currency=EUR\">footrest<\/a><\/li>\n<li>Does not cause deformation of the feet.<\/li>\n<li>The wooden surface has been treated with a health varnish complying with the EN 71-3 standard<\/li>\n<li>Do not stand on\u00a0<a href=\"https:\/\/antilda.com\/eng\/kategoria\/podnozek\/?wmc-currency=EUR\">footrest<\/a>\u00a0full body weight.<br \/>\nUse under adult supervision. Are the attachment rings slipping? - <a href=\"https:\/\/antilda.com\/eng\/faq-2\/?wmc-currency=EUR\"><strong>FAQ (click)<\/strong><\/a><span style=\"font-size: 10pt;\"><span style=\"font-size: 10pt;\"><br \/>\n<\/span><\/span><span style=\"font-size: 10pt;\"><a href=\"https:\/\/antilda.com\/eng\/kategoria-produktu\/podnozek\/?wmc-currency=EUR\">Footrests<\/a> are made of solid wood and natural raw material with a variety of colours and textures.<\/span><br \/>\n<span style=\"font-size: 10pt;\">The colours of wood of the same species will vary, and the fit of the footstool with the veneer will be different for each piece.<\/span><span style=\"font-size: 10pt;\">The colours of wood of the same species will vary, and the fit of the footstool with the veneer will be different for each piece of footstool<br \/>\n<\/span><span style=\"font-size: 10pt;\">We strive for the best possible combination, but due to the completely different raw material of the footstools and veneer, the colour of the set will be different.<br \/>\n<strong>Examples of wood shade combinations can be found in the additional product photos.<\/strong><\/span><span style=\"font-size: 10pt;\">Also unique to each tree are the imperfections that can be seen on the footstool. These are formed during the growth period of the tree, creating its unique appearance.<br \/>\n<\/span><\/p>\n<p><span style=\"color: var(--rz-text-color); font-family: var(--rz-font-family-primary);\"><br \/>\ndetails \u2193<\/span><\/li>\n<\/ul>","protected":false},"excerpt":{"rendered":"<h5><span style=\"color: #c1af9d;\"><strong><a style=\"color: #c1af9d;\" href=\"https:\/\/antilda.com\/eng\/kategoria\/podnozek\/?wmc-currency=EUR\">Footrests<\/a> To <a style=\"color: #c1af9d;\" href=\"https:\/\/antilda.com\/eng\/?wmc-currency=EUR\">IKEA Antilop chairs<\/a>:<\/strong><\/span><\/h5>\n<p style=\"padding-left: 40px;\">Adjustable<br \/>\nMade of solid wood<br \/>\nSimple installation with rings<br \/>\nEnsures correct posture during the meal<br \/>\nDoes not cause deformation of the feet<\/p>","protected":false},"featured_media":23606,"comment_status":"closed","ping_status":"closed","template":"","meta":{"_acf_changed":false},"product_brand":[],"product_cat":[113],"product_tag":[],"class_list":{"0":"post-15843","1":"product","2":"type-product","3":"status-publish","4":"has-post-thumbnail","6":"product_cat-podnozek-do-krzeselka-antilop","8":"first","9":"outofstock","10":"taxable","11":"shipping-taxable","12":"purchasable","13":"product-type-simple"},"acf":[],"yoast_head":"<!-- This site is optimized with the Yoast SEO plugin v26.3 - https:\/\/yoast.com\/wordpress\/plugins\/seo\/ -->\n<title>Drewniany Podn\u00f3\u017cek IKEA Antilop - Modrzew - Sklep antilda.com<\/title>\n<meta name=\"description\" content=\"Podn\u00f3\u017cek drewniany wspomagaj\u0105cy postaw\u0119 dziecka podczas jedzenia pierwszych posi\u0142k\u00f3w. Ka\u017cde krzese\u0142ko do karmienia nie musi wygl\u0105da\u0107 identycznie. Pozw\u00f3l sobie oraz swojemu dziecku na odrobin\u0119\u00a0stylowej i ekologicznej wygody.\" \/>\n<meta name=\"robots\" content=\"index, follow, max-snippet:-1, max-image-preview:large, max-video-preview:-1\" \/>\n<link rel=\"canonical\" href=\"https:\/\/antilda.com\/eng\/drewniany-podnozek-ikea-antilop-modrzew\/?wmc-currency=EUR\" \/>\n<meta property=\"og:locale\" content=\"en_GB\" \/>\n<meta property=\"og:type\" content=\"article\" \/>\n<meta property=\"og:title\" content=\"Drewniany Podn\u00f3\u017cek IKEA Antilop - Modrzew - Sklep antilda.com\" \/>\n<meta property=\"og:description\" content=\"Podn\u00f3\u017cek drewniany wspomagaj\u0105cy postaw\u0119 dziecka podczas jedzenia pierwszych posi\u0142k\u00f3w. Ka\u017cde krzese\u0142ko do karmienia nie musi wygl\u0105da\u0107 identycznie. Pozw\u00f3l sobie oraz swojemu dziecku na odrobin\u0119\u00a0stylowej i ekologicznej wygody.\" \/>\n<meta property=\"og:url\" content=\"https:\/\/antilda.com\/eng\/drewniany-podnozek-ikea-antilop-modrzew\/?wmc-currency=EUR\" \/>\n<meta property=\"og:site_name\" content=\"antilda.com\" \/>\n<meta property=\"article:publisher\" content=\"https:\/\/www.facebook.com\/ikeaantilopantilda\" \/>\n<meta property=\"article:modified_time\" content=\"2026-03-23T19:56:53+00:00\" \/>\n<meta property=\"og:image\" content=\"https:\/\/antilda.com\/wp-content\/uploads\/2023\/12\/okleina-do-nozek-ikea-antilop-modrzew.jpg\" \/>\n\t<meta property=\"og:image:width\" content=\"1000\" \/>\n\t<meta property=\"og:image:height\" content=\"1333\" \/>\n\t<meta property=\"og:image:type\" content=\"image\/jpeg\" \/>\n<meta name=\"twitter:card\" content=\"summary_large_image\" \/>\n<meta name=\"twitter:label1\" content=\"Estimated reading time\" \/>\n\t<meta name=\"twitter:data1\" content=\"2 minutes\" \/>\n<script type=\"application\/ld+json\" class=\"yoast-schema-graph\">{\"@context\":\"https:\/\/schema.org\",\"@graph\":[{\"@type\":\"WebPage\",\"@id\":\"https:\/\/antilda.com\/drewniany-podnozek-ikea-antilop-modrzew\/\",\"url\":\"https:\/\/antilda.com\/drewniany-podnozek-ikea-antilop-modrzew\/\",\"name\":\"Drewniany Podn\u00f3\u017cek IKEA Antilop - Modrzew - Sklep antilda.com\",\"isPartOf\":{\"@id\":\"https:\/\/antilda.com\/#website\"},\"primaryImageOfPage\":{\"@id\":\"https:\/\/antilda.com\/drewniany-podnozek-ikea-antilop-modrzew\/#primaryimage\"},\"image\":{\"@id\":\"https:\/\/antilda.com\/drewniany-podnozek-ikea-antilop-modrzew\/#primaryimage\"},\"thumbnailUrl\":\"https:\/\/antilda.com\/wp-content\/uploads\/2023\/12\/okleina-do-nozek-ikea-antilop-modrzew.jpg\",\"datePublished\":\"2022-10-30T20:13:56+00:00\",\"dateModified\":\"2026-03-23T19:56:53+00:00\",\"description\":\"Podn\u00f3\u017cek drewniany wspomagaj\u0105cy postaw\u0119 dziecka podczas jedzenia pierwszych posi\u0142k\u00f3w. Ka\u017cde krzese\u0142ko do karmienia nie musi wygl\u0105da\u0107 identycznie. Pozw\u00f3l sobie oraz swojemu dziecku na odrobin\u0119\u00a0stylowej i ekologicznej wygody.\",\"breadcrumb\":{\"@id\":\"https:\/\/antilda.com\/drewniany-podnozek-ikea-antilop-modrzew\/#breadcrumb\"},\"inLanguage\":\"en-GB\",\"potentialAction\":[{\"@type\":\"ReadAction\",\"target\":[\"https:\/\/antilda.com\/drewniany-podnozek-ikea-antilop-modrzew\/\"]}]},{\"@type\":\"ImageObject\",\"inLanguage\":\"en-GB\",\"@id\":\"https:\/\/antilda.com\/drewniany-podnozek-ikea-antilop-modrzew\/#primaryimage\",\"url\":\"https:\/\/antilda.com\/wp-content\/uploads\/2023\/12\/okleina-do-nozek-ikea-antilop-modrzew.jpg\",\"contentUrl\":\"https:\/\/antilda.com\/wp-content\/uploads\/2023\/12\/okleina-do-nozek-ikea-antilop-modrzew.jpg\",\"width\":1000,\"height\":1333},{\"@type\":\"BreadcrumbList\",\"@id\":\"https:\/\/antilda.com\/drewniany-podnozek-ikea-antilop-modrzew\/#breadcrumb\",\"itemListElement\":[{\"@type\":\"ListItem\",\"position\":1,\"name\":\"Strona g\u0142\u00f3wna\",\"item\":\"https:\/\/antilda.com\/\"},{\"@type\":\"ListItem\",\"position\":2,\"name\":\"Sklep\",\"item\":\"https:\/\/antilda.com\/sklep\/\"},{\"@type\":\"ListItem\",\"position\":3,\"name\":\"Drewniany podn\u00f3\u017cek IKEA Antilop &#8211; Modrzew\"}]},{\"@type\":\"WebSite\",\"@id\":\"https:\/\/antilda.com\/#website\",\"url\":\"https:\/\/antilda.com\/\",\"name\":\"antilda.com\",\"description\":\"Akcesesoria do krzese\u0142ka Ikea Antilop\",\"publisher\":{\"@id\":\"https:\/\/antilda.com\/#organization\"},\"potentialAction\":[{\"@type\":\"SearchAction\",\"target\":{\"@type\":\"EntryPoint\",\"urlTemplate\":\"https:\/\/antilda.com\/?s={search_term_string}\"},\"query-input\":{\"@type\":\"PropertyValueSpecification\",\"valueRequired\":true,\"valueName\":\"search_term_string\"}}],\"inLanguage\":\"en-GB\"},{\"@type\":\"Organization\",\"@id\":\"https:\/\/antilda.com\/#organization\",\"name\":\"antilda.com\",\"url\":\"https:\/\/antilda.com\/\",\"logo\":{\"@type\":\"ImageObject\",\"inLanguage\":\"en-GB\",\"@id\":\"https:\/\/antilda.com\/#\/schema\/logo\/image\/\",\"url\":\"https:\/\/antilda.com\/wp-content\/uploads\/2022\/09\/logo-3.png\",\"contentUrl\":\"https:\/\/antilda.com\/wp-content\/uploads\/2022\/09\/logo-3.png\",\"width\":1611,\"height\":497,\"caption\":\"antilda.com\"},\"image\":{\"@id\":\"https:\/\/antilda.com\/#\/schema\/logo\/image\/\"},\"sameAs\":[\"https:\/\/www.facebook.com\/ikeaantilopantilda\",\"https:\/\/www.instagram.com\/antilda_accessories\/\"]}]}<\/script>\n<!-- \/ Yoast SEO plugin. -->","yoast_head_json":{"title":"IKEA Antilop Wooden Footstool - Larch - Shop antilda.com","description":"Wooden footrest to support the baby's posture when eating his first meals. Every feeding chair does not have to look identical. Indulge yourself and your baby with a little stylish and eco-friendly comfort.","robots":{"index":"index","follow":"follow","max-snippet":"max-snippet:-1","max-image-preview":"max-image-preview:large","max-video-preview":"max-video-preview:-1"},"canonical":"https:\/\/antilda.com\/eng\/drewniany-podnozek-ikea-antilop-modrzew\/?wmc-currency=EUR","og_locale":"en_GB","og_type":"article","og_title":"Drewniany Podn\u00f3\u017cek IKEA Antilop - Modrzew - Sklep antilda.com","og_description":"Podn\u00f3\u017cek drewniany wspomagaj\u0105cy postaw\u0119 dziecka podczas jedzenia pierwszych posi\u0142k\u00f3w. Ka\u017cde krzese\u0142ko do karmienia nie musi wygl\u0105da\u0107 identycznie. Pozw\u00f3l sobie oraz swojemu dziecku na odrobin\u0119\u00a0stylowej i ekologicznej wygody.","og_url":"https:\/\/antilda.com\/eng\/drewniany-podnozek-ikea-antilop-modrzew\/?wmc-currency=EUR","og_site_name":"antilda.com","article_publisher":"https:\/\/www.facebook.com\/ikeaantilopantilda","article_modified_time":"2026-03-23T19:56:53+00:00","og_image":[{"width":1000,"height":1333,"url":"https:\/\/antilda.com\/wp-content\/uploads\/2023\/12\/okleina-do-nozek-ikea-antilop-modrzew.jpg","type":"image\/jpeg"}],"twitter_card":"summary_large_image","twitter_misc":{"Estimated reading time":"2 minutes"},"schema":{"@context":"https:\/\/schema.org","@graph":[{"@type":"WebPage","@id":"https:\/\/antilda.com\/drewniany-podnozek-ikea-antilop-modrzew\/","url":"https:\/\/antilda.com\/drewniany-podnozek-ikea-antilop-modrzew\/","name":"IKEA Antilop Wooden Footstool - Larch - Shop antilda.com","isPartOf":{"@id":"https:\/\/antilda.com\/#website"},"primaryImageOfPage":{"@id":"https:\/\/antilda.com\/drewniany-podnozek-ikea-antilop-modrzew\/#primaryimage"},"image":{"@id":"https:\/\/antilda.com\/drewniany-podnozek-ikea-antilop-modrzew\/#primaryimage"},"thumbnailUrl":"https:\/\/antilda.com\/wp-content\/uploads\/2023\/12\/okleina-do-nozek-ikea-antilop-modrzew.jpg","datePublished":"2022-10-30T20:13:56+00:00","dateModified":"2026-03-23T19:56:53+00:00","description":"Wooden footrest to support the baby's posture when eating his first meals. Every feeding chair does not have to look identical. Indulge yourself and your baby with a little stylish and eco-friendly comfort.","breadcrumb":{"@id":"https:\/\/antilda.com\/drewniany-podnozek-ikea-antilop-modrzew\/#breadcrumb"},"inLanguage":"en-GB","potentialAction":[{"@type":"ReadAction","target":["https:\/\/antilda.com\/drewniany-podnozek-ikea-antilop-modrzew\/"]}]},{"@type":"ImageObject","inLanguage":"en-GB","@id":"https:\/\/antilda.com\/drewniany-podnozek-ikea-antilop-modrzew\/#primaryimage","url":"https:\/\/antilda.com\/wp-content\/uploads\/2023\/12\/okleina-do-nozek-ikea-antilop-modrzew.jpg","contentUrl":"https:\/\/antilda.com\/wp-content\/uploads\/2023\/12\/okleina-do-nozek-ikea-antilop-modrzew.jpg","width":1000,"height":1333},{"@type":"BreadcrumbList","@id":"https:\/\/antilda.com\/drewniany-podnozek-ikea-antilop-modrzew\/#breadcrumb","itemListElement":[{"@type":"ListItem","position":1,"name":"Strona g\u0142\u00f3wna","item":"https:\/\/antilda.com\/"},{"@type":"ListItem","position":2,"name":"Sklep","item":"https:\/\/antilda.com\/sklep\/"},{"@type":"ListItem","position":3,"name":"Drewniany podn\u00f3\u017cek IKEA Antilop &#8211; Modrzew"}]},{"@type":"WebSite","@id":"https:\/\/antilda.com\/#website","url":"https:\/\/antilda.com\/","name":"antilda.com","description":"Accessories for Ikea Antilop highchair","publisher":{"@id":"https:\/\/antilda.com\/#organization"},"potentialAction":[{"@type":"SearchAction","target":{"@type":"EntryPoint","urlTemplate":"https:\/\/antilda.com\/?s={search_term_string}"},"query-input":{"@type":"PropertyValueSpecification","valueRequired":true,"valueName":"search_term_string"}}],"inLanguage":"en-GB"},{"@type":"Organization","@id":"https:\/\/antilda.com\/#organization","name":"antilda.com","url":"https:\/\/antilda.com\/","logo":{"@type":"ImageObject","inLanguage":"en-GB","@id":"https:\/\/antilda.com\/#\/schema\/logo\/image\/","url":"https:\/\/antilda.com\/wp-content\/uploads\/2022\/09\/logo-3.png","contentUrl":"https:\/\/antilda.com\/wp-content\/uploads\/2022\/09\/logo-3.png","width":1611,"height":497,"caption":"antilda.com"},"image":{"@id":"https:\/\/antilda.com\/#\/schema\/logo\/image\/"},"sameAs":["https:\/\/www.facebook.com\/ikeaantilopantilda","https:\/\/www.instagram.com\/antilda_accessories\/"]}]}},"_links":{"self":[{"href":"https:\/\/antilda.com\/eng\/wp-json\/wp\/v2\/product\/15843","targetHints":{"allow":["GET"]}}],"collection":[{"href":"https:\/\/antilda.com\/eng\/wp-json\/wp\/v2\/product"}],"about":[{"href":"https:\/\/antilda.com\/eng\/wp-json\/wp\/v2\/types\/product"}],"replies":[{"embeddable":true,"href":"https:\/\/antilda.com\/eng\/wp-json\/wp\/v2\/comments?post=15843"}],"wp:featuredmedia":[{"embeddable":true,"href":"https:\/\/antilda.com\/eng\/wp-json\/wp\/v2\/media\/23606"}],"wp:attachment":[{"href":"https:\/\/antilda.com\/eng\/wp-json\/wp\/v2\/media?parent=15843"}],"wp:term":[{"taxonomy":"product_brand","embeddable":true,"href":"https:\/\/antilda.com\/eng\/wp-json\/wp\/v2\/product_brand?post=15843"},{"taxonomy":"product_cat","embeddable":true,"href":"https:\/\/antilda.com\/eng\/wp-json\/wp\/v2\/product_cat?post=15843"},{"taxonomy":"product_tag","embeddable":true,"href":"https:\/\/antilda.com\/eng\/wp-json\/wp\/v2\/product_tag?post=15843"}],"curies":[{"name":"wp","href":"https:\/\/api.w.org\/{rel}","templated":true}]}}