{"id":29610,"date":"2025-06-27T23:55:23","date_gmt":"2025-06-27T21:55:23","guid":{"rendered":"https:\/\/antilda.com\/?post_type=product&#038;p=29610"},"modified":"2026-03-23T20:56:50","modified_gmt":"2026-03-23T19:56:50","slug":"b-box-talerzyk-z-przyssawka-dla-dzieci-trojdzielny-2w1-sage","status":"publish","type":"product","link":"https:\/\/antilda.com\/eng\/b-box-talerzyk-z-przyssawka-dla-dzieci-trojdzielny-2w1-sage\/","title":{"rendered":"b.box Children's suction cup plate - three-piece 2in1 Sage"},"content":{"rendered":"<p><strong>Say goodbye to mess during meals!<\/strong><\/p>\n<p><strong>Plate with suction cup 2in1<\/strong> is a great solution for parents of little explorers. <strong>Designed to grow with your child<\/strong>. This unique plate is ideal for toddlers and older children alike. It supports <strong>parents using the BLW method - <\/strong>helps you enter the world of mindful eating, making mealtimes a pleasure for the whole family. <strong>Removable, three-part partition<\/strong> allows it to be adapted to the child's age and abilities. <strong>Rounded edges and stable suction cup<\/strong> prevent food from falling on the floor and ensure safety and convenience.<\/p>\n<p><strong>Why choose a 2-in-1 plate?<\/strong><\/p>\n<ul>\n<li><strong>Strong suction cup:<\/strong> <strong>Silicone suction cup<\/strong> ensures the stability of the plate on any smooth surface, even during the most vigorous meals.<\/li>\n<li><strong>Modular design:<\/strong> <strong>Removable, three-part partition<\/strong> allows you to adapt the plate to your child's age and appetite.<\/li>\n<li><strong>Safety:<\/strong> Made of <strong>tough PP and food-grade silicone<\/strong>, <strong>without harmful substances<\/strong> such as BPA, PVC and phthalates.<\/li>\n<li><strong>Easy to use:<\/strong> Can be washed in <strong>dishwasher<\/strong> and heat in <strong>microwave<\/strong>.<\/li>\n<li><strong>Practical:<\/strong> <strong>Curved sides<\/strong> facilitate independent eating, and <strong>partition edge<\/strong> minimises clutter.<\/li>\n<\/ul>\n<p><strong>Thanks to the 2-in-1 plate:<\/strong><\/p>\n<ul>\n<li><strong>Learning to eat independently<\/strong> will become pure pleasure.<\/li>\n<li><strong>Portioning of meals<\/strong> will be easier than ever.<\/li>\n<li><strong>Feeding will become less stressful<\/strong>for both you and your child\n<div class=\"content\">\n<p><strong>Technical parameters:<\/strong><\/p>\n<ul>\n<li><strong>Material:<\/strong> Durable PP and food grade silicone<\/li>\n<li><strong>Safety:<\/strong> Free of BPA, PVC and phthalates<\/li>\n<li><strong>Cleaning:<\/strong> Dishwasher safe (top basket only).<\/li>\n<li><strong>Age:<\/strong> 6m+.<\/li>\n<\/ul>\n<p><strong>Warning: <\/strong><\/p>\n<p>If the surface is wet, the plate may slip. Rough, scratched or textured surfaces reduce the effectiveness of the suction cup. Make sure all parts are completely dry before reusing or storing. Heat in the microwave in 30 second intervals and stir thoroughly. Check the temperature of the food before serving it to your child.<\/p>\n<\/div>\n<\/li>\n<\/ul>\n<p>&nbsp;<\/p>","protected":false},"excerpt":{"rendered":"<h5><strong><span><span style=\"color: #c1af9d;\">Baby plate B.Box - \u00a0<span style=\"caret-color: #c1af9d;\">Saga<\/span>\u00a0 \u00a0<\/span><\/span><\/strong><\/h5>\n<p style=\"padding-left: 40px;\"><span style=\"color: var(--rz-text-color); font-family: var(--rz-font-family-primary);\">Made of safe materials<br \/>\n<\/span><span style=\"font-family: var(--rz-font-family-primary);\">It is changing and <\/span>adjusts<span style=\"font-family: var(--rz-font-family-primary);\"> to a growing child<\/span><br \/>\n<span style=\"color: var(--rz-text-color); font-family: var(--rz-font-family-primary);\">Can be used with or without suction cup<br \/>\nErgonomic shape to suit small hands<br \/>\n<\/span><span style=\"color: var(--rz-text-color); font-family: var(--rz-font-family-primary);\"><span style=\"font-family: var(--rz-font-family-primary);\">Beautiful colours <\/span><br \/>\n<\/span><\/p>\n<p style=\"padding-left: 40px;\"><span style=\"color: var(--rz-text-color); font-family: var(--rz-font-family-primary);\">\u00a0<\/span><\/p>","protected":false},"featured_media":29594,"comment_status":"open","ping_status":"closed","template":"","meta":{"_acf_changed":false},"product_brand":[],"product_cat":[146,153],"product_tag":[],"class_list":{"0":"post-29610","1":"product","2":"type-product","3":"status-publish","4":"has-post-thumbnail","6":"product_cat-karmienie","7":"product_cat-naczynia","9":"first","10":"outofstock","11":"taxable","12":"shipping-taxable","13":"purchasable","14":"product-type-simple"},"acf":[],"yoast_head":"<!-- This site is optimized with the Yoast SEO plugin v26.3 - https:\/\/yoast.com\/wordpress\/plugins\/seo\/ -->\n<title>Talerzyk tr\u00f3jdzielny z przyssawk\u0105 B.Box, Sage - Sklep antilda.com<\/title>\n<meta name=\"description\" content=\"Talerzyk z przyssawk\u0105 2w1 to \u015bwietne rozwi\u0105zanie dla rodzic\u00f3w ma\u0142ych odkrywc\u00f3w. Zaprojektowany, aby rosn\u0105\u0107 razem z dzieckiem. Ten wyj\u0105tkowy talerz jest idealny zar\u00f3wno dla maluch\u00f3w, jak i starszak\u00f3w. Wspiera rodzic\u00f3w stosuj\u0105cych metod\u0119 BLW - pomaga wej\u015b\u0107 w \u015bwiat \u015bwiadomego jedzenia, czyni\u0105c posi\u0142ki przyjemno\u015bci\u0105 dla ca\u0142ej rodziny. Wyjmowana, tr\u00f3jdzielna przegroda pozwala na dostosowanie go do wieku i umiej\u0119tno\u015bci dziecka. Zaokr\u0105glone brzegi i stabilna przyssawka zapobiegaj\u0105 przed wypadaniem jedzenia na pod\u0142og\u0119 oraz zapewniaj\u0105 bezpiecze\u0144stwo i wygod\u0119.\" \/>\n<meta name=\"robots\" content=\"index, follow, max-snippet:-1, max-image-preview:large, max-video-preview:-1\" \/>\n<link rel=\"canonical\" href=\"https:\/\/antilda.com\/eng\/b-box-talerzyk-z-przyssawka-dla-dzieci-trojdzielny-2w1-sage\/?wmc-currency=EUR\" \/>\n<meta property=\"og:locale\" content=\"en_GB\" \/>\n<meta property=\"og:type\" content=\"article\" \/>\n<meta property=\"og:title\" content=\"Talerzyk tr\u00f3jdzielny z przyssawk\u0105 B.Box, Sage - Sklep antilda.com\" \/>\n<meta property=\"og:description\" content=\"Talerzyk z przyssawk\u0105 2w1 to \u015bwietne rozwi\u0105zanie dla rodzic\u00f3w ma\u0142ych odkrywc\u00f3w. Zaprojektowany, aby rosn\u0105\u0107 razem z dzieckiem. Ten wyj\u0105tkowy talerz jest idealny zar\u00f3wno dla maluch\u00f3w, jak i starszak\u00f3w. Wspiera rodzic\u00f3w stosuj\u0105cych metod\u0119 BLW - pomaga wej\u015b\u0107 w \u015bwiat \u015bwiadomego jedzenia, czyni\u0105c posi\u0142ki przyjemno\u015bci\u0105 dla ca\u0142ej rodziny. Wyjmowana, tr\u00f3jdzielna przegroda pozwala na dostosowanie go do wieku i umiej\u0119tno\u015bci dziecka. Zaokr\u0105glone brzegi i stabilna przyssawka zapobiegaj\u0105 przed wypadaniem jedzenia na pod\u0142og\u0119 oraz zapewniaj\u0105 bezpiecze\u0144stwo i wygod\u0119.\" \/>\n<meta property=\"og:url\" content=\"https:\/\/antilda.com\/eng\/b-box-talerzyk-z-przyssawka-dla-dzieci-trojdzielny-2w1-sage\/?wmc-currency=EUR\" \/>\n<meta property=\"og:site_name\" content=\"antilda.com\" \/>\n<meta property=\"article:publisher\" content=\"https:\/\/www.facebook.com\/ikeaantilopantilda\" \/>\n<meta property=\"article:modified_time\" content=\"2026-03-23T19:56:50+00:00\" \/>\n<meta property=\"og:image\" content=\"https:\/\/antilda.com\/wp-content\/uploads\/2025\/06\/26.jpg\" \/>\n\t<meta property=\"og:image:width\" content=\"800\" \/>\n\t<meta property=\"og:image:height\" content=\"800\" \/>\n\t<meta property=\"og:image:type\" content=\"image\/jpeg\" \/>\n<meta name=\"twitter:card\" content=\"summary_large_image\" \/>\n<meta name=\"twitter:label1\" content=\"Estimated reading time\" \/>\n\t<meta name=\"twitter:data1\" content=\"2 minutes\" \/>\n<script type=\"application\/ld+json\" class=\"yoast-schema-graph\">{\"@context\":\"https:\/\/schema.org\",\"@graph\":[{\"@type\":\"WebPage\",\"@id\":\"https:\/\/antilda.com\/b-box-talerzyk-z-przyssawka-dla-dzieci-trojdzielny-2w1-sage\/\",\"url\":\"https:\/\/antilda.com\/b-box-talerzyk-z-przyssawka-dla-dzieci-trojdzielny-2w1-sage\/\",\"name\":\"Talerzyk tr\u00f3jdzielny z przyssawk\u0105 B.Box, Sage - Sklep antilda.com\",\"isPartOf\":{\"@id\":\"https:\/\/antilda.com\/#website\"},\"primaryImageOfPage\":{\"@id\":\"https:\/\/antilda.com\/b-box-talerzyk-z-przyssawka-dla-dzieci-trojdzielny-2w1-sage\/#primaryimage\"},\"image\":{\"@id\":\"https:\/\/antilda.com\/b-box-talerzyk-z-przyssawka-dla-dzieci-trojdzielny-2w1-sage\/#primaryimage\"},\"thumbnailUrl\":\"https:\/\/antilda.com\/wp-content\/uploads\/2025\/06\/26.jpg\",\"datePublished\":\"2025-06-27T21:55:23+00:00\",\"dateModified\":\"2026-03-23T19:56:50+00:00\",\"description\":\"Talerzyk z przyssawk\u0105 2w1 to \u015bwietne rozwi\u0105zanie dla rodzic\u00f3w ma\u0142ych odkrywc\u00f3w. Zaprojektowany, aby rosn\u0105\u0107 razem z dzieckiem. Ten wyj\u0105tkowy talerz jest idealny zar\u00f3wno dla maluch\u00f3w, jak i starszak\u00f3w. Wspiera rodzic\u00f3w stosuj\u0105cych metod\u0119 BLW - pomaga wej\u015b\u0107 w \u015bwiat \u015bwiadomego jedzenia, czyni\u0105c posi\u0142ki przyjemno\u015bci\u0105 dla ca\u0142ej rodziny. Wyjmowana, tr\u00f3jdzielna przegroda pozwala na dostosowanie go do wieku i umiej\u0119tno\u015bci dziecka. Zaokr\u0105glone brzegi i stabilna przyssawka zapobiegaj\u0105 przed wypadaniem jedzenia na pod\u0142og\u0119 oraz zapewniaj\u0105 bezpiecze\u0144stwo i wygod\u0119.\",\"breadcrumb\":{\"@id\":\"https:\/\/antilda.com\/b-box-talerzyk-z-przyssawka-dla-dzieci-trojdzielny-2w1-sage\/#breadcrumb\"},\"inLanguage\":\"en-GB\",\"potentialAction\":[{\"@type\":\"ReadAction\",\"target\":[\"https:\/\/antilda.com\/b-box-talerzyk-z-przyssawka-dla-dzieci-trojdzielny-2w1-sage\/\"]}]},{\"@type\":\"ImageObject\",\"inLanguage\":\"en-GB\",\"@id\":\"https:\/\/antilda.com\/b-box-talerzyk-z-przyssawka-dla-dzieci-trojdzielny-2w1-sage\/#primaryimage\",\"url\":\"https:\/\/antilda.com\/wp-content\/uploads\/2025\/06\/26.jpg\",\"contentUrl\":\"https:\/\/antilda.com\/wp-content\/uploads\/2025\/06\/26.jpg\",\"width\":800,\"height\":800},{\"@type\":\"BreadcrumbList\",\"@id\":\"https:\/\/antilda.com\/b-box-talerzyk-z-przyssawka-dla-dzieci-trojdzielny-2w1-sage\/#breadcrumb\",\"itemListElement\":[{\"@type\":\"ListItem\",\"position\":1,\"name\":\"Strona g\u0142\u00f3wna\",\"item\":\"https:\/\/antilda.com\/\"},{\"@type\":\"ListItem\",\"position\":2,\"name\":\"Sklep\",\"item\":\"https:\/\/antilda.com\/sklep\/\"},{\"@type\":\"ListItem\",\"position\":3,\"name\":\"b.box Talerzyk z przyssawk\u0105 dla dzieci \u2013 tr\u00f3jdzielny 2w1 Sage\"}]},{\"@type\":\"WebSite\",\"@id\":\"https:\/\/antilda.com\/#website\",\"url\":\"https:\/\/antilda.com\/\",\"name\":\"antilda.com\",\"description\":\"Akcesesoria do krzese\u0142ka Ikea Antilop\",\"publisher\":{\"@id\":\"https:\/\/antilda.com\/#organization\"},\"potentialAction\":[{\"@type\":\"SearchAction\",\"target\":{\"@type\":\"EntryPoint\",\"urlTemplate\":\"https:\/\/antilda.com\/?s={search_term_string}\"},\"query-input\":{\"@type\":\"PropertyValueSpecification\",\"valueRequired\":true,\"valueName\":\"search_term_string\"}}],\"inLanguage\":\"en-GB\"},{\"@type\":\"Organization\",\"@id\":\"https:\/\/antilda.com\/#organization\",\"name\":\"antilda.com\",\"url\":\"https:\/\/antilda.com\/\",\"logo\":{\"@type\":\"ImageObject\",\"inLanguage\":\"en-GB\",\"@id\":\"https:\/\/antilda.com\/#\/schema\/logo\/image\/\",\"url\":\"https:\/\/antilda.com\/wp-content\/uploads\/2022\/09\/logo-3.png\",\"contentUrl\":\"https:\/\/antilda.com\/wp-content\/uploads\/2022\/09\/logo-3.png\",\"width\":1611,\"height\":497,\"caption\":\"antilda.com\"},\"image\":{\"@id\":\"https:\/\/antilda.com\/#\/schema\/logo\/image\/\"},\"sameAs\":[\"https:\/\/www.facebook.com\/ikeaantilopantilda\",\"https:\/\/www.instagram.com\/antilda_accessories\/\"]}]}<\/script>\n<!-- \/ Yoast SEO plugin. -->","yoast_head_json":{"title":"B.Box three-piece plate with suction cup, Sage - Shop antilda.com","description":"The 2-in-1 suction cup plate is a great solution for parents of little explorers. Designed to grow with your child. This unique plate is ideal for toddlers and older children alike. It supports parents using the BLW method - helping them to enter the world of conscious eating, making mealtimes fun for the whole family. The removable, three-part partition allows you to adapt it to your child's age and ability. The rounded edges and stable suction cup prevent food from falling out onto the floor and ensure safety and comfort.","robots":{"index":"index","follow":"follow","max-snippet":"max-snippet:-1","max-image-preview":"max-image-preview:large","max-video-preview":"max-video-preview:-1"},"canonical":"https:\/\/antilda.com\/eng\/b-box-talerzyk-z-przyssawka-dla-dzieci-trojdzielny-2w1-sage\/?wmc-currency=EUR","og_locale":"en_GB","og_type":"article","og_title":"Talerzyk tr\u00f3jdzielny z przyssawk\u0105 B.Box, Sage - Sklep antilda.com","og_description":"Talerzyk z przyssawk\u0105 2w1 to \u015bwietne rozwi\u0105zanie dla rodzic\u00f3w ma\u0142ych odkrywc\u00f3w. Zaprojektowany, aby rosn\u0105\u0107 razem z dzieckiem. Ten wyj\u0105tkowy talerz jest idealny zar\u00f3wno dla maluch\u00f3w, jak i starszak\u00f3w. Wspiera rodzic\u00f3w stosuj\u0105cych metod\u0119 BLW - pomaga wej\u015b\u0107 w \u015bwiat \u015bwiadomego jedzenia, czyni\u0105c posi\u0142ki przyjemno\u015bci\u0105 dla ca\u0142ej rodziny. Wyjmowana, tr\u00f3jdzielna przegroda pozwala na dostosowanie go do wieku i umiej\u0119tno\u015bci dziecka. Zaokr\u0105glone brzegi i stabilna przyssawka zapobiegaj\u0105 przed wypadaniem jedzenia na pod\u0142og\u0119 oraz zapewniaj\u0105 bezpiecze\u0144stwo i wygod\u0119.","og_url":"https:\/\/antilda.com\/eng\/b-box-talerzyk-z-przyssawka-dla-dzieci-trojdzielny-2w1-sage\/?wmc-currency=EUR","og_site_name":"antilda.com","article_publisher":"https:\/\/www.facebook.com\/ikeaantilopantilda","article_modified_time":"2026-03-23T19:56:50+00:00","og_image":[{"width":800,"height":800,"url":"https:\/\/antilda.com\/wp-content\/uploads\/2025\/06\/26.jpg","type":"image\/jpeg"}],"twitter_card":"summary_large_image","twitter_misc":{"Estimated reading time":"2 minutes"},"schema":{"@context":"https:\/\/schema.org","@graph":[{"@type":"WebPage","@id":"https:\/\/antilda.com\/b-box-talerzyk-z-przyssawka-dla-dzieci-trojdzielny-2w1-sage\/","url":"https:\/\/antilda.com\/b-box-talerzyk-z-przyssawka-dla-dzieci-trojdzielny-2w1-sage\/","name":"B.Box three-piece plate with suction cup, Sage - Shop antilda.com","isPartOf":{"@id":"https:\/\/antilda.com\/#website"},"primaryImageOfPage":{"@id":"https:\/\/antilda.com\/b-box-talerzyk-z-przyssawka-dla-dzieci-trojdzielny-2w1-sage\/#primaryimage"},"image":{"@id":"https:\/\/antilda.com\/b-box-talerzyk-z-przyssawka-dla-dzieci-trojdzielny-2w1-sage\/#primaryimage"},"thumbnailUrl":"https:\/\/antilda.com\/wp-content\/uploads\/2025\/06\/26.jpg","datePublished":"2025-06-27T21:55:23+00:00","dateModified":"2026-03-23T19:56:50+00:00","description":"The 2-in-1 suction cup plate is a great solution for parents of little explorers. Designed to grow with your child. This unique plate is ideal for toddlers and older children alike. It supports parents using the BLW method - helping them to enter the world of conscious eating, making mealtimes fun for the whole family. The removable, three-part partition allows you to adapt it to your child's age and ability. The rounded edges and stable suction cup prevent food from falling out onto the floor and ensure safety and comfort.","breadcrumb":{"@id":"https:\/\/antilda.com\/b-box-talerzyk-z-przyssawka-dla-dzieci-trojdzielny-2w1-sage\/#breadcrumb"},"inLanguage":"en-GB","potentialAction":[{"@type":"ReadAction","target":["https:\/\/antilda.com\/b-box-talerzyk-z-przyssawka-dla-dzieci-trojdzielny-2w1-sage\/"]}]},{"@type":"ImageObject","inLanguage":"en-GB","@id":"https:\/\/antilda.com\/b-box-talerzyk-z-przyssawka-dla-dzieci-trojdzielny-2w1-sage\/#primaryimage","url":"https:\/\/antilda.com\/wp-content\/uploads\/2025\/06\/26.jpg","contentUrl":"https:\/\/antilda.com\/wp-content\/uploads\/2025\/06\/26.jpg","width":800,"height":800},{"@type":"BreadcrumbList","@id":"https:\/\/antilda.com\/b-box-talerzyk-z-przyssawka-dla-dzieci-trojdzielny-2w1-sage\/#breadcrumb","itemListElement":[{"@type":"ListItem","position":1,"name":"Strona g\u0142\u00f3wna","item":"https:\/\/antilda.com\/"},{"@type":"ListItem","position":2,"name":"Sklep","item":"https:\/\/antilda.com\/sklep\/"},{"@type":"ListItem","position":3,"name":"b.box Talerzyk z przyssawk\u0105 dla dzieci \u2013 tr\u00f3jdzielny 2w1 Sage"}]},{"@type":"WebSite","@id":"https:\/\/antilda.com\/#website","url":"https:\/\/antilda.com\/","name":"antilda.com","description":"Accessories for Ikea Antilop highchair","publisher":{"@id":"https:\/\/antilda.com\/#organization"},"potentialAction":[{"@type":"SearchAction","target":{"@type":"EntryPoint","urlTemplate":"https:\/\/antilda.com\/?s={search_term_string}"},"query-input":{"@type":"PropertyValueSpecification","valueRequired":true,"valueName":"search_term_string"}}],"inLanguage":"en-GB"},{"@type":"Organization","@id":"https:\/\/antilda.com\/#organization","name":"antilda.com","url":"https:\/\/antilda.com\/","logo":{"@type":"ImageObject","inLanguage":"en-GB","@id":"https:\/\/antilda.com\/#\/schema\/logo\/image\/","url":"https:\/\/antilda.com\/wp-content\/uploads\/2022\/09\/logo-3.png","contentUrl":"https:\/\/antilda.com\/wp-content\/uploads\/2022\/09\/logo-3.png","width":1611,"height":497,"caption":"antilda.com"},"image":{"@id":"https:\/\/antilda.com\/#\/schema\/logo\/image\/"},"sameAs":["https:\/\/www.facebook.com\/ikeaantilopantilda","https:\/\/www.instagram.com\/antilda_accessories\/"]}]}},"_links":{"self":[{"href":"https:\/\/antilda.com\/eng\/wp-json\/wp\/v2\/product\/29610","targetHints":{"allow":["GET"]}}],"collection":[{"href":"https:\/\/antilda.com\/eng\/wp-json\/wp\/v2\/product"}],"about":[{"href":"https:\/\/antilda.com\/eng\/wp-json\/wp\/v2\/types\/product"}],"replies":[{"embeddable":true,"href":"https:\/\/antilda.com\/eng\/wp-json\/wp\/v2\/comments?post=29610"}],"wp:featuredmedia":[{"embeddable":true,"href":"https:\/\/antilda.com\/eng\/wp-json\/wp\/v2\/media\/29594"}],"wp:attachment":[{"href":"https:\/\/antilda.com\/eng\/wp-json\/wp\/v2\/media?parent=29610"}],"wp:term":[{"taxonomy":"product_brand","embeddable":true,"href":"https:\/\/antilda.com\/eng\/wp-json\/wp\/v2\/product_brand?post=29610"},{"taxonomy":"product_cat","embeddable":true,"href":"https:\/\/antilda.com\/eng\/wp-json\/wp\/v2\/product_cat?post=29610"},{"taxonomy":"product_tag","embeddable":true,"href":"https:\/\/antilda.com\/eng\/wp-json\/wp\/v2\/product_tag?post=29610"}],"curies":[{"name":"wp","href":"https:\/\/api.w.org\/{rel}","templated":true}]}}